{"id":336,"date":"2015-09-14T07:09:27","date_gmt":"2015-09-14T07:09:27","guid":{"rendered":"http:\/\/ievent.janxcode.com\/?page_id=336"},"modified":"2019-04-05T11:04:32","modified_gmt":"2019-04-05T17:04:32","slug":"conferencistas","status":"publish","type":"page","link":"http:\/\/cicp.imcp.org.mx\/index.php\/conferencistas\/","title":{"rendered":"Conferencistas"},"content":{"rendered":"<p>[vc_row el_id=\u00bbabout\u00bb][vc_column][vc_row_inner][vc_column_inner]\r\n\t\t\t\t<div class=\"jx-ievent-section-title-1 jx-ievent-dark\">\r\n\t\t\t\t\t<div class=\"jx-ievent-pre-title jx-ievent-short-border\">\r\n\t\t\t\t\t<div class=\"jx-ievent-title-border left\"><\/div>\r\n\t\t\t\t\t<div class=\"jx-ievent-title-icon\"><i class=\"line-icon vc_li vc_li-bubble\"><\/i><\/div>\r\n\t\t\t\t\t<div class=\"jx-ievent-title-border right\"><\/div> \r\n\t\t\t\t\t<\/div>\r\n\t\t\t\t\t<div class=\"jx-ievent-title jx-ievent-uppercase\">Conferencistas<\/div>\r\n\t\t\t\t\t<div class=\"jx-ievent-subtitle\"><p><\/p><\/div>\r\n\t\t\t\t\t<!-- Section Title -->\r\n\t\t\t\t<\/div>\r\n\t\t\t[\/vc_column_inner][\/vc_row_inner][vc_row_inner][vc_column_inner]<div class=\"jx-ievent-speaker jx-ievent-speaker-lg \">\t\t\t\r\n\t\t\t<div class=\"jx-ievent-speaker-item\">\r\n\t\t\t\t<div class=\"jx-ievent-speaker-photo jx-ievent-image-wrapper\"><img width=\"384\" height=\"310\" src=\"http:\/\/cicp.imcp.org.mx\/wp-content\/uploads\/2019\/04\/Spaekers-1000x1000-384x310.jpg\" class=\"attachment-speaker-image-lg size-speaker-image-lg wp-post-image\" alt=\"\" loading=\"lazy\" srcset=\"http:\/\/cicp.imcp.org.mx\/wp-content\/uploads\/2019\/04\/Spaekers-1000x1000-384x310.jpg 384w, http:\/\/cicp.imcp.org.mx\/wp-content\/uploads\/2019\/04\/Spaekers-1000x1000-234x189.jpg 234w, http:\/\/cicp.imcp.org.mx\/wp-content\/uploads\/2019\/04\/Spaekers-1000x1000-446x361.jpg 446w\" sizes=\"(max-width: 384px) 100vw, 384px\" \/>\r\n\t\t\t\t\t<div class=\"jx-ievent-speaker-overlayer\"><\/div>\r\n\t\t\t\t\t<div class=\"jx-ievent-image-hover-info\">\r\n\t\t\t\t\t\t<div class=\"jx-ievent-speaker-name\"><a href=\"http:\/\/cicp.imcp.org.mx\/index.php\/speakers\/cornelio-porras-cuellar-nicaragua\/?ajax=true&width=100%&height=500px\" data-rel=\"prettyPhoto[ajax]\">Cornelio Porras Cu\u00e9llar (Nicaragua)<\/a><\/div>\r\n\t\t\t\t\t\t<div class=\"jx-ievent-speaker-pos\">Presidente de la Asociaci\u00f3n Interamericana de Contabilidad - AIC<\/div>\r\n\t\t\t\t\t\t<div class=\"speaker-social\">\r\n                \t\t<ul><\/ul>\r\n            <\/div><\/div>\r\n\t\t\t\t<\/div>\r\n\t\t\t<\/div>\t\t\t\r\n\t\t\t<!-- Item -->\r\n\t\t\t\t\t\t\r\n\t\t\t<div class=\"jx-ievent-speaker-item\">\r\n\t\t\t\t<div class=\"jx-ievent-speaker-photo jx-ievent-image-wrapper\"><img width=\"384\" height=\"310\" src=\"http:\/\/cicp.imcp.org.mx\/wp-content\/uploads\/2019\/02\/Spaekers-1000x1000-2-384x310.jpg\" class=\"attachment-speaker-image-lg size-speaker-image-lg wp-post-image\" alt=\"\" loading=\"lazy\" srcset=\"http:\/\/cicp.imcp.org.mx\/wp-content\/uploads\/2019\/02\/Spaekers-1000x1000-2-384x310.jpg 384w, http:\/\/cicp.imcp.org.mx\/wp-content\/uploads\/2019\/02\/Spaekers-1000x1000-2-234x189.jpg 234w, http:\/\/cicp.imcp.org.mx\/wp-content\/uploads\/2019\/02\/Spaekers-1000x1000-2-446x361.jpg 446w\" sizes=\"(max-width: 384px) 100vw, 384px\" \/>\r\n\t\t\t\t\t<div class=\"jx-ievent-speaker-overlayer\"><\/div>\r\n\t\t\t\t\t<div class=\"jx-ievent-image-hover-info\">\r\n\t\t\t\t\t\t<div class=\"jx-ievent-speaker-name\"><a href=\"http:\/\/cicp.imcp.org.mx\/index.php\/speakers\/florentino-bautista-hernandez-mexico\/?ajax=true&width=100%&height=500px\" data-rel=\"prettyPhoto[ajax]\">Florentino Bautista Hern\u00e1ndez (M\u00e9xico)<\/a><\/div>\r\n\t\t\t\t\t\t<div class=\"jx-ievent-speaker-pos\">Presidente del Instituto Mexicana de Contadores P\u00fablicos - IMCP<\/div>\r\n\t\t\t\t\t\t<div class=\"speaker-social\">\r\n                \t\t<ul><\/ul>\r\n            <\/div><\/div>\r\n\t\t\t\t<\/div>\r\n\t\t\t<\/div>\t\t\t\r\n\t\t\t<!-- Item -->\r\n\t\t\t\t\t\t\r\n\t\t\t<div class=\"jx-ievent-speaker-item\">\r\n\t\t\t\t<div class=\"jx-ievent-speaker-photo jx-ievent-image-wrapper\"><img width=\"384\" height=\"310\" src=\"http:\/\/cicp.imcp.org.mx\/wp-content\/uploads\/2019\/04\/Spaekers-1000x1000-384x310.jpg\" class=\"attachment-speaker-image-lg size-speaker-image-lg wp-post-image\" alt=\"\" loading=\"lazy\" srcset=\"http:\/\/cicp.imcp.org.mx\/wp-content\/uploads\/2019\/04\/Spaekers-1000x1000-384x310.jpg 384w, http:\/\/cicp.imcp.org.mx\/wp-content\/uploads\/2019\/04\/Spaekers-1000x1000-234x189.jpg 234w, http:\/\/cicp.imcp.org.mx\/wp-content\/uploads\/2019\/04\/Spaekers-1000x1000-446x361.jpg 446w\" sizes=\"(max-width: 384px) 100vw, 384px\" \/>\r\n\t\t\t\t\t<div class=\"jx-ievent-speaker-overlayer\"><\/div>\r\n\t\t\t\t\t<div class=\"jx-ievent-image-hover-info\">\r\n\t\t\t\t\t\t<div class=\"jx-ievent-speaker-name\"><a href=\"http:\/\/cicp.imcp.org.mx\/index.php\/speakers\/philippe-arraou-francia\/?ajax=true&width=100%&height=500px\" data-rel=\"prettyPhoto[ajax]\">Philippe Arraou (Francia)<\/a><\/div>\r\n\t\t\t\t\t\t<div class=\"jx-ievent-speaker-pos\">Presidente del Comit\u00e9 de Integraci\u00f3n Latino Europa Am\u00e9rica<\/div>\r\n\t\t\t\t\t\t<div class=\"speaker-social\">\r\n                \t\t<ul><\/ul>\r\n            <\/div><\/div>\r\n\t\t\t\t<\/div>\r\n\t\t\t<\/div>\t\t\t\r\n\t\t\t<!-- Item -->\r\n\t\t\t\t\t\t\r\n\t\t\t<div class=\"jx-ievent-speaker-item\">\r\n\t\t\t\t<div class=\"jx-ievent-speaker-photo jx-ievent-image-wrapper\"><img width=\"384\" height=\"310\" src=\"http:\/\/cicp.imcp.org.mx\/wp-content\/uploads\/2019\/02\/Spaekers-1000x1000-2-384x310.jpg\" class=\"attachment-speaker-image-lg size-speaker-image-lg wp-post-image\" alt=\"\" loading=\"lazy\" srcset=\"http:\/\/cicp.imcp.org.mx\/wp-content\/uploads\/2019\/02\/Spaekers-1000x1000-2-384x310.jpg 384w, http:\/\/cicp.imcp.org.mx\/wp-content\/uploads\/2019\/02\/Spaekers-1000x1000-2-234x189.jpg 234w, http:\/\/cicp.imcp.org.mx\/wp-content\/uploads\/2019\/02\/Spaekers-1000x1000-2-446x361.jpg 446w\" sizes=\"(max-width: 384px) 100vw, 384px\" \/>\r\n\t\t\t\t\t<div class=\"jx-ievent-speaker-overlayer\"><\/div>\r\n\t\t\t\t\t<div class=\"jx-ievent-image-hover-info\">\r\n\t\t\t\t\t\t<div class=\"jx-ievent-speaker-name\"><a href=\"http:\/\/cicp.imcp.org.mx\/index.php\/speakers\/oscar-noe-lopez-cordon-guatemala\/?ajax=true&width=100%&height=500px\" data-rel=\"prettyPhoto[ajax]\">Oscar No\u00e9 L\u00f3pez Cord\u00f3n (Guatemala)<\/a><\/div>\r\n\t\t\t\t\t\t<div class=\"jx-ievent-speaker-pos\">Vicepresidente de Afiliaciones de la Asociaci\u00f3n Interamericana de Contabilidad<\/div>\r\n\t\t\t\t\t\t<div class=\"speaker-social\">\r\n                \t\t<ul><\/ul>\r\n            <\/div><\/div>\r\n\t\t\t\t<\/div>\r\n\t\t\t<\/div>\t\t\t\r\n\t\t\t<!-- Item -->\r\n\t\t\t\t\t\t\r\n\t\t\t<div class=\"jx-ievent-speaker-item\">\r\n\t\t\t\t<div class=\"jx-ievent-speaker-photo jx-ievent-image-wrapper\"><img width=\"384\" height=\"310\" src=\"http:\/\/cicp.imcp.org.mx\/wp-content\/uploads\/2019\/04\/Spaekers-1000x1000-384x310.jpg\" class=\"attachment-speaker-image-lg size-speaker-image-lg wp-post-image\" alt=\"\" loading=\"lazy\" srcset=\"http:\/\/cicp.imcp.org.mx\/wp-content\/uploads\/2019\/04\/Spaekers-1000x1000-384x310.jpg 384w, http:\/\/cicp.imcp.org.mx\/wp-content\/uploads\/2019\/04\/Spaekers-1000x1000-234x189.jpg 234w, http:\/\/cicp.imcp.org.mx\/wp-content\/uploads\/2019\/04\/Spaekers-1000x1000-446x361.jpg 446w\" sizes=\"(max-width: 384px) 100vw, 384px\" \/>\r\n\t\t\t\t\t<div class=\"jx-ievent-speaker-overlayer\"><\/div>\r\n\t\t\t\t\t<div class=\"jx-ievent-image-hover-info\">\r\n\t\t\t\t\t\t<div class=\"jx-ievent-speaker-name\"><a href=\"http:\/\/cicp.imcp.org.mx\/index.php\/speakers\/antonio-trujillo-calero-ecuador\/?ajax=true&width=100%&height=500px\" data-rel=\"prettyPhoto[ajax]\">Antonio Trujillo Calero (Ecuador)<\/a><\/div>\r\n\t\t\t\t\t\t<div class=\"jx-ievent-speaker-pos\">Presidente del Colegio de Contadores P\u00fablicos de Pichincha y del Ecuador<\/div>\r\n\t\t\t\t\t\t<div class=\"speaker-social\">\r\n                \t\t<ul><\/ul>\r\n            <\/div><\/div>\r\n\t\t\t\t<\/div>\r\n\t\t\t<\/div>\t\t\t\r\n\t\t\t<!-- Item -->\r\n\t\t\t\t\t\t\r\n\t\t\t<div class=\"jx-ievent-speaker-item\">\r\n\t\t\t\t<div class=\"jx-ievent-speaker-photo jx-ievent-image-wrapper\"><img width=\"384\" height=\"310\" src=\"http:\/\/cicp.imcp.org.mx\/wp-content\/uploads\/2019\/02\/Spaekers-1000x1000-2-384x310.jpg\" class=\"attachment-speaker-image-lg size-speaker-image-lg wp-post-image\" alt=\"\" loading=\"lazy\" srcset=\"http:\/\/cicp.imcp.org.mx\/wp-content\/uploads\/2019\/02\/Spaekers-1000x1000-2-384x310.jpg 384w, http:\/\/cicp.imcp.org.mx\/wp-content\/uploads\/2019\/02\/Spaekers-1000x1000-2-234x189.jpg 234w, http:\/\/cicp.imcp.org.mx\/wp-content\/uploads\/2019\/02\/Spaekers-1000x1000-2-446x361.jpg 446w\" sizes=\"(max-width: 384px) 100vw, 384px\" \/>\r\n\t\t\t\t\t<div class=\"jx-ievent-speaker-overlayer\"><\/div>\r\n\t\t\t\t\t<div class=\"jx-ievent-image-hover-info\">\r\n\t\t\t\t\t\t<div class=\"jx-ievent-speaker-name\"><a href=\"http:\/\/cicp.imcp.org.mx\/index.php\/speakers\/cristina-trujillo-calero-ecuador\/?ajax=true&width=100%&height=500px\" data-rel=\"prettyPhoto[ajax]\">Cristina Trujillo Calero (Ecuador)<\/a><\/div>\r\n\t\t\t\t\t\t<div class=\"jx-ievent-speaker-pos\">Vicepresidente del Comit\u00e9 de Integraci\u00f3n Latino Europa Am\u00e9rica - CILEA<\/div>\r\n\t\t\t\t\t\t<div class=\"speaker-social\">\r\n                \t\t<ul><\/ul>\r\n            <\/div><\/div>\r\n\t\t\t\t<\/div>\r\n\t\t\t<\/div>\t\t\t\r\n\t\t\t<!-- Item -->\r\n\t\t\t\t\t\t\r\n\t\t\t<div class=\"jx-ievent-speaker-item\">\r\n\t\t\t\t<div class=\"jx-ievent-speaker-photo jx-ievent-image-wrapper\"><img width=\"384\" height=\"310\" src=\"http:\/\/cicp.imcp.org.mx\/wp-content\/uploads\/2019\/04\/Spaekers-1000x1000-384x310.jpg\" class=\"attachment-speaker-image-lg size-speaker-image-lg wp-post-image\" alt=\"\" loading=\"lazy\" srcset=\"http:\/\/cicp.imcp.org.mx\/wp-content\/uploads\/2019\/04\/Spaekers-1000x1000-384x310.jpg 384w, http:\/\/cicp.imcp.org.mx\/wp-content\/uploads\/2019\/04\/Spaekers-1000x1000-234x189.jpg 234w, http:\/\/cicp.imcp.org.mx\/wp-content\/uploads\/2019\/04\/Spaekers-1000x1000-446x361.jpg 446w\" sizes=\"(max-width: 384px) 100vw, 384px\" \/>\r\n\t\t\t\t\t<div class=\"jx-ievent-speaker-overlayer\"><\/div>\r\n\t\t\t\t\t<div class=\"jx-ievent-image-hover-info\">\r\n\t\t\t\t\t\t<div class=\"jx-ievent-speaker-name\"><a href=\"http:\/\/cicp.imcp.org.mx\/index.php\/speakers\/jose-luis-arnoletto-argentina\/?ajax=true&width=100%&height=500px\" data-rel=\"prettyPhoto[ajax]\">Jos\u00e9 Luis Arnoletto (Argentina)<\/a><\/div>\r\n\t\t\t\t\t\t<div class=\"jx-ievent-speaker-pos\">Presidente de la Federaci\u00f3n Argentina de Consejos Profesionales de Ciencias Econ\u00f3micas<\/div>\r\n\t\t\t\t\t\t<div class=\"speaker-social\">\r\n                \t\t<ul><\/ul>\r\n            <\/div><\/div>\r\n\t\t\t\t<\/div>\r\n\t\t\t<\/div>\t\t\t\r\n\t\t\t<!-- Item -->\r\n\t\t\t\t\t\t\r\n\t\t\t<div class=\"jx-ievent-speaker-item\">\r\n\t\t\t\t<div class=\"jx-ievent-speaker-photo jx-ievent-image-wrapper\"><img width=\"384\" height=\"310\" src=\"http:\/\/cicp.imcp.org.mx\/wp-content\/uploads\/2019\/02\/Spaekers-1000x1000-2-384x310.jpg\" class=\"attachment-speaker-image-lg size-speaker-image-lg wp-post-image\" alt=\"\" loading=\"lazy\" srcset=\"http:\/\/cicp.imcp.org.mx\/wp-content\/uploads\/2019\/02\/Spaekers-1000x1000-2-384x310.jpg 384w, http:\/\/cicp.imcp.org.mx\/wp-content\/uploads\/2019\/02\/Spaekers-1000x1000-2-234x189.jpg 234w, http:\/\/cicp.imcp.org.mx\/wp-content\/uploads\/2019\/02\/Spaekers-1000x1000-2-446x361.jpg 446w\" sizes=\"(max-width: 384px) 100vw, 384px\" \/>\r\n\t\t\t\t\t<div class=\"jx-ievent-speaker-overlayer\"><\/div>\r\n\t\t\t\t\t<div class=\"jx-ievent-image-hover-info\">\r\n\t\t\t\t\t\t<div class=\"jx-ievent-speaker-name\"><a href=\"http:\/\/cicp.imcp.org.mx\/index.php\/speakers\/selva-alonzo-uruguay\/?ajax=true&width=100%&height=500px\" data-rel=\"prettyPhoto[ajax]\">Selva Alonzo (Uruguay)<\/a><\/div>\r\n\t\t\t\t\t\t<div class=\"jx-ievent-speaker-pos\">Vicepresidente de Desarrollo Profesional de la Asociaci\u00f3n Interamericana de Contabilidad \u2013 AIC<\/div>\r\n\t\t\t\t\t\t<div class=\"speaker-social\">\r\n                \t\t<ul><\/ul>\r\n            <\/div><\/div>\r\n\t\t\t\t<\/div>\r\n\t\t\t<\/div>\t\t\t\r\n\t\t\t<!-- Item -->\r\n\t\t\t\t\t\t\r\n\t\t\t<div class=\"jx-ievent-speaker-item\">\r\n\t\t\t\t<div class=\"jx-ievent-speaker-photo jx-ievent-image-wrapper\"><img width=\"384\" height=\"310\" src=\"http:\/\/cicp.imcp.org.mx\/wp-content\/uploads\/2019\/04\/Spaekers-1000x1000-384x310.jpg\" class=\"attachment-speaker-image-lg size-speaker-image-lg wp-post-image\" alt=\"\" loading=\"lazy\" srcset=\"http:\/\/cicp.imcp.org.mx\/wp-content\/uploads\/2019\/04\/Spaekers-1000x1000-384x310.jpg 384w, http:\/\/cicp.imcp.org.mx\/wp-content\/uploads\/2019\/04\/Spaekers-1000x1000-234x189.jpg 234w, http:\/\/cicp.imcp.org.mx\/wp-content\/uploads\/2019\/04\/Spaekers-1000x1000-446x361.jpg 446w\" sizes=\"(max-width: 384px) 100vw, 384px\" \/>\r\n\t\t\t\t\t<div class=\"jx-ievent-speaker-overlayer\"><\/div>\r\n\t\t\t\t\t<div class=\"jx-ievent-image-hover-info\">\r\n\t\t\t\t\t\t<div class=\"jx-ievent-speaker-name\"><a href=\"http:\/\/cicp.imcp.org.mx\/index.php\/speakers\/mario-ernesto-diaz-duran-uruguay\/?ajax=true&width=100%&height=500px\" data-rel=\"prettyPhoto[ajax]\">Mario Ernesto D\u00edaz Dur\u00e1n (Uruguay)<\/a><\/div>\r\n\t\t\t\t\t\t<div class=\"jx-ievent-speaker-pos\">Presidente de la Comisi\u00f3n T\u00e9cnica de Educaci\u00f3n de la Asociaci\u00f3n Interamericana de Contabilidad \u2013 AIC<\/div>\r\n\t\t\t\t\t\t<div class=\"speaker-social\">\r\n                \t\t<ul><\/ul>\r\n            <\/div><\/div>\r\n\t\t\t\t<\/div>\r\n\t\t\t<\/div>\t\t\t\r\n\t\t\t<!-- Item -->\r\n\t\t\t\t\t\t\r\n\t\t\t<div class=\"jx-ievent-speaker-item\">\r\n\t\t\t\t<div class=\"jx-ievent-speaker-photo jx-ievent-image-wrapper\"><img width=\"384\" height=\"310\" src=\"http:\/\/cicp.imcp.org.mx\/wp-content\/uploads\/2019\/04\/Spaekers-1000x1000-384x310.jpg\" class=\"attachment-speaker-image-lg size-speaker-image-lg wp-post-image\" alt=\"\" loading=\"lazy\" srcset=\"http:\/\/cicp.imcp.org.mx\/wp-content\/uploads\/2019\/04\/Spaekers-1000x1000-384x310.jpg 384w, http:\/\/cicp.imcp.org.mx\/wp-content\/uploads\/2019\/04\/Spaekers-1000x1000-234x189.jpg 234w, http:\/\/cicp.imcp.org.mx\/wp-content\/uploads\/2019\/04\/Spaekers-1000x1000-446x361.jpg 446w\" sizes=\"(max-width: 384px) 100vw, 384px\" \/>\r\n\t\t\t\t\t<div class=\"jx-ievent-speaker-overlayer\"><\/div>\r\n\t\t\t\t\t<div class=\"jx-ievent-image-hover-info\">\r\n\t\t\t\t\t\t<div class=\"jx-ievent-speaker-name\"><a href=\"http:\/\/cicp.imcp.org.mx\/index.php\/speakers\/hector-jaime-correa-pinzon-colombia\/?ajax=true&width=100%&height=500px\" data-rel=\"prettyPhoto[ajax]\">H\u00e9ctor Jaime Correa Pinz\u00f3n (Colombia)<\/a><\/div>\r\n\t\t\t\t\t\t<div class=\"jx-ievent-speaker-pos\">Vicepresidente de Asuntos T\u00e9cnicos de la Asociaci\u00f3n Interamericana de Contabilidad \u2013 AIC<\/div>\r\n\t\t\t\t\t\t<div class=\"speaker-social\">\r\n                \t\t<ul><\/ul>\r\n            <\/div><\/div>\r\n\t\t\t\t<\/div>\r\n\t\t\t<\/div>\t\t\t\r\n\t\t\t<!-- Item -->\r\n\t\t\t\t\t\t\r\n\t\t\t<div class=\"jx-ievent-speaker-item\">\r\n\t\t\t\t<div class=\"jx-ievent-speaker-photo jx-ievent-image-wrapper\"><img width=\"384\" height=\"310\" src=\"http:\/\/cicp.imcp.org.mx\/wp-content\/uploads\/2019\/02\/Spaekers-1000x1000-2-384x310.jpg\" class=\"attachment-speaker-image-lg size-speaker-image-lg wp-post-image\" alt=\"\" loading=\"lazy\" srcset=\"http:\/\/cicp.imcp.org.mx\/wp-content\/uploads\/2019\/02\/Spaekers-1000x1000-2-384x310.jpg 384w, http:\/\/cicp.imcp.org.mx\/wp-content\/uploads\/2019\/02\/Spaekers-1000x1000-2-234x189.jpg 234w, http:\/\/cicp.imcp.org.mx\/wp-content\/uploads\/2019\/02\/Spaekers-1000x1000-2-446x361.jpg 446w\" sizes=\"(max-width: 384px) 100vw, 384px\" \/>\r\n\t\t\t\t\t<div class=\"jx-ievent-speaker-overlayer\"><\/div>\r\n\t\t\t\t\t<div class=\"jx-ievent-image-hover-info\">\r\n\t\t\t\t\t\t<div class=\"jx-ievent-speaker-name\"><a href=\"http:\/\/cicp.imcp.org.mx\/index.php\/speakers\/gustavo-gil-gil-bolivia\/?ajax=true&width=100%&height=500px\" data-rel=\"prettyPhoto[ajax]\">Gustavo Gil Gil (Bolivia)<\/a><\/div>\r\n\t\t\t\t\t\t<div class=\"jx-ievent-speaker-pos\">Past Presidente de la Asociaci\u00f3n Interamericana de Contabilidad \u2013 AIC<\/div>\r\n\t\t\t\t\t\t<div class=\"speaker-social\">\r\n                \t\t<ul><\/ul>\r\n            <\/div><\/div>\r\n\t\t\t\t<\/div>\r\n\t\t\t<\/div>\t\t\t\r\n\t\t\t<!-- Item -->\r\n\t\t\t<\/div>[\/vc_column_inner][\/vc_row_inner][\/vc_column][\/vc_row]<\/p>\n","protected":false},"excerpt":{"rendered":"<p>[vc_row el_id=\u00bbabout\u00bb][vc_column][vc_row_inner][vc_column_inner][\/vc_column_inner][\/vc_row_inner][vc_row_inner][vc_column_inner][\/vc_column_inner][\/vc_row_inner][\/vc_column][\/vc_row]<\/p>\n","protected":false},"author":1,"featured_media":0,"parent":0,"menu_order":0,"comment_status":"closed","ping_status":"closed","template":"template-home.php","meta":[],"_links":{"self":[{"href":"http:\/\/cicp.imcp.org.mx\/index.php\/wp-json\/wp\/v2\/pages\/336"}],"collection":[{"href":"http:\/\/cicp.imcp.org.mx\/index.php\/wp-json\/wp\/v2\/pages"}],"about":[{"href":"http:\/\/cicp.imcp.org.mx\/index.php\/wp-json\/wp\/v2\/types\/page"}],"author":[{"embeddable":true,"href":"http:\/\/cicp.imcp.org.mx\/index.php\/wp-json\/wp\/v2\/users\/1"}],"replies":[{"embeddable":true,"href":"http:\/\/cicp.imcp.org.mx\/index.php\/wp-json\/wp\/v2\/comments?post=336"}],"version-history":[{"count":13,"href":"http:\/\/cicp.imcp.org.mx\/index.php\/wp-json\/wp\/v2\/pages\/336\/revisions"}],"predecessor-version":[{"id":4129,"href":"http:\/\/cicp.imcp.org.mx\/index.php\/wp-json\/wp\/v2\/pages\/336\/revisions\/4129"}],"wp:attachment":[{"href":"http:\/\/cicp.imcp.org.mx\/index.php\/wp-json\/wp\/v2\/media?parent=336"}],"curies":[{"name":"wp","href":"https:\/\/api.w.org\/{rel}","templated":true}]}}