{"id":2437,"date":"2018-02-08T15:43:38","date_gmt":"2018-02-08T21:43:38","guid":{"rendered":"http:\/\/cicp.imcp.org.mx\/?page_id=2437"},"modified":"2018-02-08T18:47:22","modified_gmt":"2018-02-09T00:47:22","slug":"codigo-de-vestimenta","status":"publish","type":"page","link":"http:\/\/cicp.imcp.org.mx\/index.php\/codigo-de-vestimenta\/","title":{"rendered":"C\u00f3digo de Vestimenta"},"content":{"rendered":"<p>[vc_row css=\u00bb.vc_custom_1518134861697{padding-bottom: 10px !important;}\u00bb][vc_column][vc_row_inner][vc_column_inner]\r\n\t\t\t\t<div class=\"jx-ievent-section-title-1 jx-ievent-dark\">\r\n\t\t\t\t\t<div class=\"jx-ievent-pre-title jx-ievent-short-border\">\r\n\t\t\t\t\t<div class=\"jx-ievent-title-border left\"><\/div>\r\n\t\t\t\t\t<div class=\"jx-ievent-title-icon\"><i class=\"line-icon vc_li vc_li-t-shirt\"><\/i><\/div>\r\n\t\t\t\t\t<div class=\"jx-ievent-title-border right\"><\/div> \r\n\t\t\t\t\t<\/div>\r\n\t\t\t\t\t<div class=\"jx-ievent-title jx-ievent-uppercase\">C\u00f3digo de Vestimenta<\/div>\r\n\t\t\t\t\t<div class=\"jx-ievent-subtitle\"><p><\/p><\/div>\r\n\t\t\t\t\t<!-- Section Title -->\r\n\t\t\t\t<\/div>\r\n\t\t\t[\/vc_column_inner][\/vc_row_inner][\/vc_column][\/vc_row][vc_row el_class=\u00bbno-padding\u00bb][vc_column width=\u00bb1\/2&#8243;][vc_row_inner][vc_column_inner width=\u00bb1\/2&#8243;]<div class=\"jx-ievent-placeholder-head Type Class\">\t\t\t\r\n\t\t\t\t<div class=\"jx-ievent-image-placeholder \">\r\n\t\t\t\t\t<img src=\"http:\/\/cicp.imcp.org.mx\/wp-content\/uploads\/2018\/02\/casual-caballero.jpg\" alt=\"\">\r\n\t\t\t\t<\/div>\r\n\t\t\t<\/div>[\/vc_column_inner][vc_column_inner width=\u00bb1\/2&#8243;][vc_column_text el_class=\u00bbtext-vetimenta\u00bb css=\u00bb.vc_custom_1518136283926{margin-top: 10px !important;margin-bottom: 40px !important;}\u00bb]<\/p>\n<h1>Casual Caballero<\/h1>\n<ul>\n<li>Camisa de manga larga o corta<\/li>\n<li>Pantal\u00f3n de vestir<\/li>\n<li>Zapatos<\/li>\n<\/ul>\n<p><strong>EVENTO:<\/strong><br \/>\n<strong>Misa<\/strong><br \/>\n<strong>Ceremonia de inauguraci\u00f3n<\/strong><br \/>\n<strong>Eventos t\u00e9cnicos<\/strong><br \/>\n<strong>Asamblea-Clausura<\/strong>[\/vc_column_text][\/vc_column_inner][\/vc_row_inner][\/vc_column][vc_column width=\u00bb1\/2&#8243;][vc_row_inner][vc_column_inner width=\u00bb1\/2&#8243;]<div class=\"jx-ievent-placeholder-head Type Class\">\t\t\t\r\n\t\t\t\t<div class=\"jx-ievent-image-placeholder \">\r\n\t\t\t\t\t<img src=\"http:\/\/cicp.imcp.org.mx\/wp-content\/uploads\/2018\/02\/dama-casual.jpg\" alt=\"\">\r\n\t\t\t\t<\/div>\r\n\t\t\t<\/div>[\/vc_column_inner][vc_column_inner width=\u00bb1\/2&#8243;][vc_column_text el_class=\u00bbtext-vetimenta\u00bb css=\u00bb.vc_custom_1518136263824{margin-top: 10px !important;margin-bottom: 40px !important;}\u00bb]<\/p>\n<h1>Casual Dama<\/h1>\n<ul>\n<li>Vestido<\/li>\n<li>Falda<\/li>\n<li>Pantal\u00f3n<\/li>\n<li>Zapatos<\/li>\n<\/ul>\n<p><strong>EVENTO:<\/strong><br \/>\n<strong>Misa<\/strong><br \/>\n<strong>Ceremonia de inauguraci\u00f3n<\/strong><br \/>\n<strong>Eventos t\u00e9cnicos<\/strong><br \/>\n<strong>Asamblea-Clausura<\/strong>[\/vc_column_text][\/vc_column_inner][\/vc_row_inner][\/vc_column][\/vc_row][vc_row el_class=\u00bbno-padding\u00bb css=\u00bb.vc_custom_1518136749556{margin-top: 30px !important;margin-bottom: 20px !important;}\u00bb][vc_column width=\u00bb1\/2&#8243;][vc_row_inner][vc_column_inner width=\u00bb1\/2&#8243;]<div class=\"jx-ievent-placeholder-head Type Class\">\t\t\t\r\n\t\t\t\t<div class=\"jx-ievent-image-placeholder \">\r\n\t\t\t\t\t<img src=\"http:\/\/cicp.imcp.org.mx\/wp-content\/uploads\/2018\/02\/negocios-caballeros.jpg\" alt=\"\">\r\n\t\t\t\t<\/div>\r\n\t\t\t<\/div>[\/vc_column_inner][vc_column_inner width=\u00bb1\/2&#8243;][vc_column_text el_class=\u00bbtext-vetimenta\u00bb css=\u00bb.vc_custom_1518136581540{margin-bottom: 40px !important;}\u00bb]<\/p>\n<h1>Casual de Negocios Caballero<\/h1>\n<ul>\n<li>Camisa de manga larga<\/li>\n<li>Saco sport (opcional) pantalo\u0301n de vestir zapatos<\/li>\n<\/ul>\n<p><strong>EVENTO:<\/strong><br \/>\n<strong>Coctel de bienvenida <\/strong><br \/>\n<strong>Cena-Show<\/strong><br \/>\n<strong>Cena-Baile<\/strong><br \/>\n[\/vc_column_text][\/vc_column_inner][\/vc_row_inner][\/vc_column][vc_column width=\u00bb1\/2&#8243;][vc_row_inner][vc_column_inner width=\u00bb1\/2&#8243;]<div class=\"jx-ievent-placeholder-head Type Class\">\t\t\t\r\n\t\t\t\t<div class=\"jx-ievent-image-placeholder \">\r\n\t\t\t\t\t<img src=\"http:\/\/cicp.imcp.org.mx\/wp-content\/uploads\/2018\/02\/dama-coctel.jpg\" alt=\"\">\r\n\t\t\t\t<\/div>\r\n\t\t\t<\/div>[\/vc_column_inner][vc_column_inner width=\u00bb1\/2&#8243;][vc_column_text el_class=\u00bbtext-vetimenta\u00bb css=\u00bb.vc_custom_1518136672165{margin-bottom: 40px !important;}\u00bb]<\/p>\n<h1>Coctel Dama<\/h1>\n<ul>\n<li>Vestido de coctel<\/li>\n<li>Falda<\/li>\n<li>Pantalo\u0301n de vestir<\/li>\n<li>Zapatos<\/li>\n<\/ul>\n<p><strong>EVENTO:<\/strong><br \/>\n<strong>Coctel de bienvenida<\/strong><br \/>\n<strong>Cena-Show<\/strong><br \/>\n<strong>Cena-Baile<\/strong>[\/vc_column_text][\/vc_column_inner][\/vc_row_inner][\/vc_column][\/vc_row][vc_row][vc_column][vc_column_text]<\/p>\n<p style=\"text-align: center;\">Aunque no lo consideramos necesario, les recordamos que no se permite el uso de gorras y tenis en el interior de los salones.<\/p>\n<p>[\/vc_column_text][\/vc_column][\/vc_row]<\/p>\n","protected":false},"excerpt":{"rendered":"<p>[vc_row css=\u00bb.vc_custom_1518134861697{padding-bottom: 10px !important;}\u00bb][vc_column][vc_row_inner][vc_column_inner][\/vc_column_inner][\/vc_row_inner][\/vc_column][\/vc_row][vc_row el_class=\u00bbno-padding\u00bb][vc_column width=\u00bb1\/2&#8243;][vc_row_inner][vc_column_inner width=\u00bb1\/2&#8243;][\/vc_column_inner][vc_column_inner width=\u00bb1\/2&#8243;][vc_column_text el_class=\u00bbtext-vetimenta\u00bb css=\u00bb.vc_custom_1518136283926{margin-top: 10px !important;margin-bottom: 40px !important;}\u00bb] Casual Caballero Camisa de manga larga o corta Pantal\u00f3n de vestir Zapatos EVENTO: Misa Ceremonia de inauguraci\u00f3n Eventos t\u00e9cnicos Asamblea-Clausura[\/vc_column_text][\/vc_column_inner][\/vc_row_inner][\/vc_column][vc_column width=\u00bb1\/2&#8243;][vc_row_inner][vc_column_inner width=\u00bb1\/2&#8243;][\/vc_column_inner][vc_column_inner width=\u00bb1\/2&#8243;][vc_column_text el_class=\u00bbtext-vetimenta\u00bb css=\u00bb.vc_custom_1518136263824{margin-top: 10px !important;margin-bottom: 40px !important;}\u00bb] Casual Dama Vestido Falda Pantal\u00f3n Zapatos EVENTO: Misa Ceremonia de inauguraci\u00f3n Eventos [&hellip;]<\/p>\n","protected":false},"author":1,"featured_media":0,"parent":0,"menu_order":0,"comment_status":"closed","ping_status":"closed","template":"template-home.php","meta":[],"_links":{"self":[{"href":"http:\/\/cicp.imcp.org.mx\/index.php\/wp-json\/wp\/v2\/pages\/2437"}],"collection":[{"href":"http:\/\/cicp.imcp.org.mx\/index.php\/wp-json\/wp\/v2\/pages"}],"about":[{"href":"http:\/\/cicp.imcp.org.mx\/index.php\/wp-json\/wp\/v2\/types\/page"}],"author":[{"embeddable":true,"href":"http:\/\/cicp.imcp.org.mx\/index.php\/wp-json\/wp\/v2\/users\/1"}],"replies":[{"embeddable":true,"href":"http:\/\/cicp.imcp.org.mx\/index.php\/wp-json\/wp\/v2\/comments?post=2437"}],"version-history":[{"count":73,"href":"http:\/\/cicp.imcp.org.mx\/index.php\/wp-json\/wp\/v2\/pages\/2437\/revisions"}],"predecessor-version":[{"id":2532,"href":"http:\/\/cicp.imcp.org.mx\/index.php\/wp-json\/wp\/v2\/pages\/2437\/revisions\/2532"}],"wp:attachment":[{"href":"http:\/\/cicp.imcp.org.mx\/index.php\/wp-json\/wp\/v2\/media?parent=2437"}],"curies":[{"name":"wp","href":"https:\/\/api.w.org\/{rel}","templated":true}]}}